{"id":2603,"date":"2024-11-18T14:23:23","date_gmt":"2024-11-18T19:23:23","guid":{"rendered":"https:\/\/health.uconn.edu\/psychiatry\/?page_id=2603"},"modified":"2026-01-22T10:12:49","modified_gmt":"2026-01-22T15:12:49","slug":"cultural-understanding-of-emotions-study","status":"publish","type":"page","link":"https:\/\/health.uconn.edu\/psychiatry\/research\/family-adversity-and-resilience-research-program\/cultural-understanding-of-emotions-study\/","title":{"rendered":"Cultural Understanding of Emotions Study"},"content":{"rendered":"\n\n\t<p>Family Adversity and Resilience Research Program<\/p>\n<h1>\n\t\tCultural Understanding of Emotions Study (CUES)\n\t<\/h1>\n\t<p>CUES is a research study aimed at gaining a better understanding of the ways in which Latino parents help their children manage their emotions. Approximately 500 parents of Hispanic or Latino background participated by completing an online questionnaire about themselves and their child. \u00a0As of August 2025, we have finished signing up participants.<\/p>\n\t<h4>For more information, please contact Dr. Greene at <a href=\"mailto:cgreene@uchc.edu\">cgreene@uchc.edu<\/a>.<\/h4>\n<h1>\n\t\tEstudio Sobre la Comprensi\u00f3n Cultural de las Emociones (CUES)\n\t<\/h1>\n\t<p>CUES es un estudio de investigaci\u00f3n destinado a entender mejor las formas en que los padres latinos ayudan a sus hijos a manejar sus emociones. Aproximadamente 500 padres de origen hispano o latino han participado completando asi un cuestionario en l\u00ednea sobre ellos mismos y sus hijos. A partir de agosto de 2025, hemos dejado de inscribir participantes.<\/p>\n\t<h4>Para obtener m\u00e1s informaci\u00f3n, p\u00f3ngase en contacto con la Dra. Greene en <a href=\"mailto:cgreene@uchc.edu\">cgreene@uchc.edu<\/a>.<\/h4>\n\t<p><em>Dr. Greene, Department of Psychiatry, IRB Number 23X-047-2.<\/em><\/p>\n\n","protected":false},"excerpt":{"rendered":"<p>Family Adversity and Resilience Research Program Cultural Understanding of Emotions Study (CUES) CUES is a research study aimed at gaining a better understanding of the ways in which Latino parents help their children manage their emotions. Approximately 500 parents of Hispanic or Latino background participated by completing an online questionnaire about themselves and their child.&hellip;<\/p>\n","protected":false},"author":38,"featured_media":0,"parent":1722,"menu_order":0,"comment_status":"closed","ping_status":"closed","template":"","meta":{"_acf_changed":false,"footnotes":""},"acf":[],"publishpress_future_action":{"enabled":false,"date":"2026-04-12 01:09:48","action":"change-status","newStatus":"draft","terms":[],"taxonomy":""},"_links":{"self":[{"href":"https:\/\/health.uconn.edu\/psychiatry\/wp-json\/wp\/v2\/pages\/2603"}],"collection":[{"href":"https:\/\/health.uconn.edu\/psychiatry\/wp-json\/wp\/v2\/pages"}],"about":[{"href":"https:\/\/health.uconn.edu\/psychiatry\/wp-json\/wp\/v2\/types\/page"}],"author":[{"embeddable":true,"href":"https:\/\/health.uconn.edu\/psychiatry\/wp-json\/wp\/v2\/users\/38"}],"replies":[{"embeddable":true,"href":"https:\/\/health.uconn.edu\/psychiatry\/wp-json\/wp\/v2\/comments?post=2603"}],"version-history":[{"count":8,"href":"https:\/\/health.uconn.edu\/psychiatry\/wp-json\/wp\/v2\/pages\/2603\/revisions"}],"predecessor-version":[{"id":2734,"href":"https:\/\/health.uconn.edu\/psychiatry\/wp-json\/wp\/v2\/pages\/2603\/revisions\/2734"}],"up":[{"embeddable":true,"href":"https:\/\/health.uconn.edu\/psychiatry\/wp-json\/wp\/v2\/pages\/1722"}],"wp:attachment":[{"href":"https:\/\/health.uconn.edu\/psychiatry\/wp-json\/wp\/v2\/media?parent=2603"}],"curies":[{"name":"wp","href":"https:\/\/api.w.org\/{rel}","templated":true}]}}